52451 (base 8) to base 11
37aa9
-174b235 (base 13) to base 4
-130312311231
Convert -5247776 (base 8) to base 16.
-154ffe
3bb43 (base 12) to base 13
2b932
15a198 (base 15) to base 16
ff85a
What is -31215116 (base 7) in base 5?
-1133013240
1ca441 (base 15) to base 8
5261362
What is -53f4e (base 16) in base 6?
-11212022
Convert 385041 (base 10) to base 13.
106347
What is -120505 (base 8) in base 4?
-22011011
What is 65147 (base 15) in base 2?
1001110010110010101
Convert -853928 (base 10) to base 15.
-11d038
Convert 221617 (base 8) to base 6.
1333315
What is 104024301 (base 5) in base 4?
1233010213
What is 1845337 (base 9) in base 7?
11534401
Convert -4460004 (base 8) to base 13.
-33217c
Convert -4731507 (base 8) to base 16.
-13b347
-320353 (base 6) to base 16
-65cd
What is 4ff67 (base 16) in base 10?
327527
What is -6061415 (base 9) in base 7?
-36306140
Convert 63324261 (base 7) to base 14.
9d40a1
-22312031311 (base 4) to base 2
-1010110110001101110101
Convert -100d4 (base 14) to base 8.
-113312
What is e6555 (base 16) in base 8?
3462525
663541 (base 9) to base 6
12254401
-112133202 (base 5) to base 7
-4203356
What is -34101233 (base 5) in base 12?
-125881
Convert -17264214 (base 8) to base 12.
-1420b78
5051012 (base 10) to base 15
69b8e2
What is -1010010100111100101 (base 2) in base 5?
-41312110
Convert -174dd (base 16) to base 3.
-11211221022
101101011010000011 (base 2) to base 6
3553015
Convert 2257515 (base 8) to base 4.
2111331031
Convert 412455 (base 8) to base 12.
66ba5
What is 138128 (base 9) in base 6?
1451555
Convert -28586 (base 10) to base 5.
-1403321
-c8c309 (base 14) to base 5
-3214412431
-2ed41 (base 15) to base 7
-1200436
-110111100010111011010 (base 2) to base 8
-6742732
Convert 492b3 (base 14) to base 13.
63583
Convert -963838 (base 10) to base 6.
-32354114
Convert -1222566 (base 9) to base 14.
-1342a4
Convert -131000010 (base 4) to base 8.
-350004
Convert -3134037 (base 8) to base 7.
-10041140
Convert c846 (base 14) to base 4.
20123332
-431100424 (base 6) to base 11
-432a726
-122b638 (base 12) to base 14
-683ccc
What is -24416 (base 12) in base 8?
-137522
What is -3347995 (base 11) in base 7?
-100603460
-a4295 (base 12) to base 6
-4333505
22678 (base 12) to base 3
2022221102
Convert -1f2bb (base 16) to base 7.
-1041142
What is 33930 (base 14) in base 7?
1031160
129e70 (base 15) to base 9
1612616
What is 110011010011010000111101 (base 2) in base 3?
221022020112110
What is -20220200 (base 4) in base 13?
-13130
Convert 6b936 (base 14) to base 15.
52b97
Convert -b7aa (base 14) to base 4.
-13233122
What is 3104078 (base 9) in base 10?
1656359
What is -10510527 (base 8) in base 4?
-20221011113
What is 2802 (base 10) in base 13?
1377
Convert -7153273 (base 8) to base 6.
-104301523
Convert 2000103000 (base 4) to base 16.
804c0
Convert 10011220124 (base 5) to base 14.
144bb58
-32123233122 (base 4) to base 13
-a26255
What is -3655b (base 13) in base 11?
-68a75
Convert -220211000000 (base 3) to base 4.
-1313033232
What is -4436a90 (base 11) in base 5?
-3443034131
-18275 (base 16) to base 5
-11131213
Convert 112021213 (base 4) to base 7.
525340
-118864 (base 9) to base 3
-10122222011
-60060 (base 11) to base 13
-31026
-2220120323 (base 4) to base 7
-5601566
Convert -5bb18 (base 15) to base 9.
-485515
What is -210313243 (base 6) in base 5?
-1414231124
Convert 205531 (base 9) to base 3.
20012121001
14562421 (base 8) to base 4
30232110101
Convert 362a71 (base 12) to base 15.
1247cd
Convert -4234121 (base 6) to base 11.
-131561
Convert 186c (base 16) to base 10.
6252
What is 28b88 (base 13) in base 6?
1350541
What is -4a514 (base 14) in base 10?
-182102
Convert -8541a (base 14) to base 6.
-10522024
2e3e7 (base 16) to base 10
189415
102010212020 (base 3) to base 8
654277
-39269f (base 16) to base 3
-21001021202222
What is 31003125 (base 7) in base 10?
2589375
1705b (base 15) to base 7
426503
Convert -101000224 (base 6) to base 11.
-a7a049
-10100010011010100 (base 2) to base 16
-144d4
Convert 4476005 (base 12) to base 15.
1239e0e
11802 (base 10) to base 5
334202
Convert 2210220201 (base 3) to base 16.
d82e
-114234 (base 9) to base 15
-15564
What is -864933 (base 13) in base 3?
-12221010211000
Convert -1500424 (base 6) to base 9.
-140487
What is 1d5c84 (base 14) in base 7?
11645124
-1a928a (base 15) to base 7
-14010055
What is -142511502 (base 6) in base 15?
-3ce19b
What is -10110001111001010101 (base 2) in base 6?
-23341233
Convert -2321140033 (base 5) to base 8.
-24030733
What is -151c25 (base 13) in base 8?
-1764322
Convert 86c8b (base 14) to base 16.
4fa7b
-1124212044 (base 5) to base 14
-4ac665
Convert 6176 (base 13) to base 2.
11010010001000
What is -10011100100111 (base 2) in base 5?
-310043
Convert -174334 (base 12) to base 8.
-1417730
Convert 2507042 (base 8) to base 16.
a8e22
What is 150d88 (base 15) in base 3?
1220121002002
295a091 (base 11) to base 16
4d809c
Convert -10845 (base 12) to base 4.
-11112311
Convert -6ba449 (base 13) to base 16.
-27221c
Convert -108012 (base 10) to base 4.
-122113230
-a816b9 (base 13) to base 7
-45346551
Convert -71a8a (base 13) to base 16.
-31c98
Convert 43345516 (base 8) to base 2.
100011011100101101001110
Convert -32310321 (base 4) to base 14.
-181bb
10221002221 (base 3) to base 12
38921
What is -1074414 (base 9) in base 14?
-11184d
-1321241422 (base 5) to base 14
-620a90
13223200330 (base 4) to base 7
23053342
Convert 4030262 (base 8) to base 11.
6651a4
-24564341 (base 8) to base 7
-64120211
What is -24541011 (base 7) in base 16?
-21bf58
Convert -12367865 (base 9) to base 15.
-7ece9e
What is -14005141 (base 6) in base 12?
-1a67b1
What is 1313342 (base 8) in base 3?
200121110220
What is 1875577 (base 10) in base 4?
13021321321
2b6a1 (base 12) to base 10
61465
-11101110010110101101 (base 2) to base 6
-32531525
Convert 20540d (base 15) to base 13.
41a4c3
Convert 870728 (base 10) to base 9.
1566365
1010010001101110011100 (base 2) to base 8
12215634
-52522 (base 10) to base 16
-cd2a
What is 682118 (base 11) in base 2?
100001001001100011100
Convert -45d32 (base 16) to base 2.
-1000101110100110010
5e801 (base 15) to base 9
510451
Convert -4dea69 (base 16) to base 8.
-23365151
-11011000000100000010101 (base 2) to base 15
-94cb72
Convert 4fb44 (base 16) to base 7.
2526542
20435541 (base 6) to base 10
596149
-1255113 (base 7) to base 13
-5a177
Convert 21277187 (base 9) to base 15.
d7be97
5325444 (base 7) to base 14
12b2cb
What is -42435201 (base 6) in base 8?
-4607661
73c05 (base 13) to base 11
132762
Convert -76175 (base 16) to base 8.
-1660565
-15283 (base 9) to base 15
-3163
-59ac5 (base 15) to base 13
-a01c0
-220101120 (base 5) to base 16
-e5af1
Convert 3121323221 (base 4) to base 12.
3706b5
Convert 13744614 (base 8) to base 13.
85863a
20402014 (base 8) to base 11
2495552
Convert -1765682 (base 9) to base 3.
-1212012202202
44041011 (base 5) to base 7
3131652
3a174 (base 15) to base 16
2d667
What is 47b39 (base 13) in base 15?
28e8a
What is 892487 (base 10) in base 7?
10405001
-27766227 (base 8) to base 4
-113332302113
-1001010100101000100010 (base 2) to base 4
-21110220202
What is 13673563 (base 9) in base 10?
6780162
What is 346b7b7 (base 12) in base 16?
9a14bb
Convert 166543 (base 11) to base 16.
3edff
c49336 (base 14) to base 6
354055444
Convert -2744486 (base 9) to base 6.
-52135123
-21012003003 (base 4) to base 7
-26156430
37145b (base 13) to base 10
1316755
What is 1012121201 (base 3) in base 2?
101110011100011
-105c4 (base 16) to base 5
-4121022
-13343042 (base 5) to base 12
-67534
22342201 (base 6) to base 2
10100110100011011001
6661 (base 10) to base 7
25264
-8782 (base 9) to base 8
-14511
-290710 (base 11) to base 10
-454729
What is 3b578 (base 14) in base 2?
100011110001010110
5242003 (base 11) to base 3
122101111110022
23846 (base 10) to base 4
11310212
100100011110010010 (base 2) to base 4
210132102
What is 1d314 (base 14) in base 7?
430524
What is -6120310 (base 7) in base 5?
-141241112
Convert -46612 (base 9) to base 7.
-156500
960505 (base 11) to base 13
41b012
What is 450031203 (base 6) in base 5?
4034403243
8e49 (base 15) to base 13
109a7
410120432 (base 5) to base 9
3076607
What is 12022120022020 (base 3) in base 4?
22301321202
What is -2000232301 (base 4) in base 9?
-883257
What is -